786144?
6
What is the thousands digit of 123865331?
5
What is the ten thousands digit of 1116493982?
9
What is the hundred thousands digit of 9591465?
5
What is the hundred millions digit of 776646461?
7
What is the ten thousands digit of 72575826?
7
What is the ten thousands digit of 405796365?
9
What is the hundred thousands digit of 57375186?
3
What is the hundreds digit of 260280058?
0
What is the ten thousands digit of 227401980?
0
What is the hundreds digit of 28193838?
8
What is the tens digit of 842061521?
2
What is the millions digit of 155351166?
5
What is the hundreds digit of 117173334?
3
What is the ten millions digit of 22686117?
2
What is the ten millions digit of 16937440?
1
What is the hundred thousands digit of 47453526?
4
What is the ten thousands digit of 9804395?
0
What is the hundreds digit of 1572073022?
0
What is the hundreds digit of 190239004?
0
What is the millions digit of 53866651?
3
What is the units digit of 518552094?
4
What is the millions digit of 30118220?
0
What is the millions digit of 98872625?
8
What is the ten millions digit of 10021707?
1
What is the hundreds digit of 1244332395?
3
What is the thousands digit of 4485351363?
1
What is the millions digit of 68066576?
8
What is the tens digit of 168338708?
0
What is the tens digit of 29244267?
6
What is the tens digit of 78251206?
0
What is the hundreds digit of 60694336?
3
What is the hundred thousands digit of 388355234?
3
What is the ten thousands digit of 14027638?
2
What is the hundred thousands digit of 1709023270?
0
What is the ten thousands digit of 297479491?
7
What is the thousands digit of 611499740?
9
What is the tens digit of 56527219?
1
What is the hundred thousands digit of 36341448?
3
What is the hundreds digit of 200256518?
5
What is the hundred thousands digit of 245582797?
5
What is the tens digit of 174648644?
4
What is the millions digit of 84269647?
4
What is the millions digit of 556212101?
6
What is the millions digit of 4912149?
4
What is the billions digit of 2913838580?
2
What is the millions digit of 241758632?
1
What is the ten thousands digit of 2160114437?
1
What is the millions digit of 45183309?
5
What is the hundreds digit of 61447691?
6
What is the hundred thousands digit of 112791196?
7
What is the hundred millions digit of 264533999?
2
What is the thousands digit of 4160598670?
8
What is the thousands digit of 1778545153?
5
What is the hundred millions digit of 105375400?
1
What is the tens digit of 138001840?
4
What is the units digit of 5035563115?
5
What is the ten thousands digit of 202167664?
6
What is the hundreds digit of 821560972?
9
What is the hundred millions digit of 767737025?
7
What is the millions digit of 7871576006?
1
What is the hundred millions digit of 3170452242?
1
What is the tens digit of 6429908?
0
What is the billions digit of 3137513115?
3
What is the hundred millions digit of 9939004449?
9
What is the hundred thousands digit of 404176713?
1
What is the ten thousands digit of 34114600?
1
What is the units digit of 3093574296?
6
What is the hundreds digit of 383628941?
9
What is the hundreds digit of 17769126?
1
What is the ten thousands digit of 125148776?
4
What is the ten thousands digit of 5250751687?
5
What is the ten millions digit of 982044547?
8
What is the millions digit of 229557740?
9
What is the millions digit of 1017129002?
7
What is the units digit of 67527555?
5
What is the hundred thousands digit of 197549421?
5
What is the units digit of 2336497248?
8
What is the units digit of 3282239?
9
What is the ten millions digit of 306737408?
0
What is the thousands digit of 26114116?
4
What is the millions digit of 2142587237?
2
What is the hundred millions digit of 631582911?
6
What is the hundred millions digit of 242356242?
2
What is the millions digit of 2672386517?
2
What is the units digit of 274530357?
7
What is the hundred thousands digit of 45370105?
3
What is the ten thousands digit of 305814299?
1
What is the hundreds digit of 31169724?
7
What is the units digit of 133043586?
6
What is the tens digit of 47293949?
4
What is the hundred millions digit of 2067796397?
0
What is the ten thousands digit of 47081343?
8
What is the units digit of 101444848?
8
What is the tens digit of 72550208?
0
What is the hundreds digit of 440680462?
4
What is the thousands digit of 605746166?
6
What is the units digit of 15869162?
2
What is the hundred thousands digit of 1010103156?
1
What is the hundreds digit of 285316869?
8
What is the hundred thousands digit of 41076646?
0
What is the units digit of 198040178?
8
What is the tens digit of 999410950?
5
What is the ten millions digit of 1699000000?
9
What is the hundreds digit of 627704500?
5
What is the hundred thousands digit of 344278988?
2
What is the units digit of 5785451847?
7
What is the ten thousands digit of 6174522716?
2
What is the ten millions digit of 165396192?
6
What is the millions digit of 139460146?
9
What is the ten millions digit of 242712391?
4
What is the tens digit of 197491245?
4
What is the units digit of 1717924190?
0
What is the hundreds digit of 1133392172?
1
What is the ten thousands digit of 203426678?
2
What is the thousands digit of 50878140?
8
What is the hundred millions digit of 1472266164?
4
What is the hundred thousands digit of 60373437?
3
What is the thousands digit of 46513641?
3
What is the units digit of 2946299099?
9
What is the ten thousands digit of 69070566?
7
What is the units digit of 374686119?
9
What is the millions digit of 723714605?
3
What is the millions digit of 55563122?
5
What is the millions digit of 48027838?
8
What is the ten thousands digit of 1428555333?
5
What is the tens digit of 17927617?
1
What is the hundred thousands digit of 809211?
8
What is the millions digit of 970564561?
0
What is the hundred millions digit of 1752656920?
7
What is the thousands digit of 35630614?
0
What is the ten thousands digit of 116423335?
2
What is the hundreds digit of 1291673354?
3
What is the millions digit of 5681543?
5
What is the hundred thousands digit of 47822721?
8
What is the ten thousands digit of 184032271?
3
What is the hundreds digit of 15427348?
3
What is the millions digit of 444286172?
4
What is the millions digit of 213617992?
3
What is the thousands digit of 7662345461?
5
What is the hundreds digit of 44808704?
7
What is the ten millions digit of 2535232386?
3
What is the units digit of 1255526487?
7
What is the thousands digit of 415950490?
0
What is the thousands digit of 48251851?
1
What is the thousands digit of 536447784?
7
What is the hundred thousands digit of 1751112?
7
What is the hundreds digit of 2013249093?
0
What is the thousands digit of 31551046?
1
What is the millions digit of 58802562?
8
What is the thousands digit of 18783693?
3
What is the ten thousands digit of 1359579070?
7
What is the units digit of 881143238?
8
What is the hundreds digit of 45608816?
8
What is the thousands digit of 175175679?
5
What is the hundred thousands digit of 85049086?
0
What is the hundreds digit of 26099352?
3
What is the hundred thousands digit of 2376255862?
2
What is the ten millions digit of 65464351?
6
What is the ten thousands digit of 862384027?
8
What is the units digit of 67697528?
8
What is the units digit of 73633935?
5
What is the thousands digit of 386064657?
4
What is the millions digit of 839748377?
9
What is the units digit of 18963293?
3
What is the tens digit of 212160459?
5
What is the tens digit of 6528725341?
4
What is the millions digit of 91841193?
1
What is the hundred millions digit of 449288109?
4
What is the thousands digit of 37922925?
2
What is the ten millions digit of 4973799147?
7
What is the ten thousands digit of 759453295?
5
What is the ten millions digit of 976851093?
7
What is the thousands digit of 1894181778?
1
What is the hundreds digit of 911579339?
3
What is the units digit of 1595468770?
0
What is the hundred millions digit of 2808850981?
8
What is the thousands digit of 25237078?
7
What is the hundreds digit of 60743288?
2
What is the hundreds digit of 463637194?
1
What is the thousands digit of 750395502?
5
What is the hundred thousands digit of 63115737?
1
What is the units digit of 63613889?
9
What is the ten thousands digit of 3626